
Calculate the remainder when 549 is divided by 63.
45
What is the remainder when 58 is divided by 15?
13
Calculate the remainder when 336 is divided by 34.
30
Calculate the remainder when 543 is divided by 35.
18
What is the remainder when 30 is divided by 11?
8
Calculate the remainder when 327 is divided by 110.
107
What is the remainder when 915 is divided by 177?
30
Calculate the remainder when 432 is divided by 311.
121
Calculate the remainder when 296 is divided by 112.
72
What is the remainder when 245 is divided by 67?
44
Calculate the remainder when 1487 is divided by 31.
30
What is the remainder when 208 is divided by 90?
28
What is the remainder when 21 is divided by 6?
3
What is the remainder when 86 is divided by 18?
14
What is the remainder when 62 is divided by 32?
30
Calculate the remainder when 400 is divided by 188.
24
Calculate the remainder when 5335 is divided by 9.
7
What is the remainder when 305 is divided by 11?
8
What is the remainder when 248 is divided by 53?
36
Calculate the remainder when 60 is divided by 32.
28
Calculate the remainder when 14345 is divided by 68.
65
What is the remainder when 2333 is divided by 65?
58
Calculate the remainder when 57 is divided by 21.
15
What is the remainder when 181 is divided by 131?
50
Calculate the remainder when 458 is divided by 45.
8
What is the remainder when 10725 is divided by 149?
146
Calculate the remainder when 2026 is divided by 39.
37
Calculate the remainder when 517 is divided by 65.
62
What is the remainder when 1551 is divided by 39?
30
What is the remainder when 86 is divided by 62?
24
What is the remainder when 929 is divided by 31?
30
What is the remainder when 877 is divided by 88?
85
What is the remainder when 609 is divided by 294?
21
Calculate the remainder when 226 is divided by 121.
105
Calculate the remainder when 99 is divided by 27.
18
Calculate the remainder when 29 is divided by 11.
7
Calculate the remainder when 110 is divided by 40.
30
What is the remainder when 227 is divided by 73?
8
What is the remainder when 1820 is divided by 27?
11
Calculate the remainder when 242 is divided by 115.
12
What is the remainder when 1675 is divided by 190?
155
What is the remainder when 1668 is divided by 60?
48
Calculate the remainder when 47 is divided by 27.
20
Calculate the remainder when 1444 is divided by 49.
23
What is the remainder when 285 is divided by 63?
33
What is the remainder when 113 is divided by 109?
4
Calculate the remainder when 708 is divided by 691.
17
Calculate the remainder when 137 is divided by 29.
21
Calculate the remainder when 1401 is divided by 115.
21
What is the remainder when 35 is divided by 13?
9
What is the remainder when 34 is divided by 25?
9
What is the remainder when 32 is divided by 19?
13
What is the remainder when 741 is divided by 142?
31
What is the remainder when 430 is divided by 91?
66
What is the remainder when 537 is divided by 49?
47
What is the remainder when 2654 is divided by 28?
22
Calculate the remainder when 145 is divided by 37.
34
Calculate the remainder when 732 is divided by 118.
24
Calculate the remainder when 140 is divided by 39.
23
Calculate the remainder when 550 is divided by 62.
54
What is the remainder when 3803 is divided by 12?
11
What is the remainder when 430 is divided by 410?
20
Calculate the remainder when 18284 is divided by 223.
221
Calculate the remainder when 131 is divided by 54.
23
Calculate the remainder when 23 is divided by 10.
3
Calculate the remainder when 232 is divided by 26.
24
Calculate the remainder when 414 is divided by 141.
132
Calculate the remainder when 63 is divided by 16.
15
What is the remainder when 14238 is divided by 32?
30
Calculate the remainder when 224 is divided by 9.
8
What is the remainder when 187 is divided by 57?
16
What is the remainder when 1934 is divided by 22?
20
What is the remainder when 69 is divided by 27?
15
Calculate the remainder when 395 is divided by 66.
65
Calculate the remainder when 36 is divided by 28.
8
What is the remainder when 79 is divided by 41?
38
What is the remainder when 162 is divided by 24?
18
Calculate the remainder when 747 is divided by 115.
57
What is the remainder when 76 is divided by 26?
24
Calculate the remainder when 1482 is divided by 30.
12
Calculate the remainder when 28 is divided by 15.
13
What is the remainder when 1207 is divided by 93?
91
Calculate the remainder when 113 is divided by 26.
9
What is the remainder when 2826 is divided by 4?
2
What is the remainder when 102 is divided by 3?
0
Calculate the remainder when 89 is divided by 78.
11
What is the remainder when 1828 is divided by 61?
59
Calculate the remainder when 284 is divided by 51.
29
What is the remainder when 196 is divided by 87?
22
What is the remainder when 617 is divided by 10?
7
Calculate the remainder when 130 is divided by 33.
31
Calculate the remainder when 1492 is divided by 83.
81
Calculate the remainder when 773 is divided by 258.
257
Calculate the remainder when 5355 is divided by 18.
9
What is the remainder when 200 is divided by 29?
26
What is the remainder when 53 is divided by 27?
26
Calculate the remainder when 7597 is divided by 50.
47
Calculate the remainder when 1231 is divided by 73.
63
Calculate the remainder when 922 is divided by 71.
70
What is the remainder when 389 is divided by 26?
25
What is the remainder when 205 is divided by 43?
33
Calculate the remainder when 90 is divided by 26.
12
What is the remainder when 7829 is divided by 977?
13
Calculate the remainder when 242 is divided by 19.
14
Calculate the remainder when 146 is divided by 10.
6
Calculate the remainder when 53 is divided by 8.
5
What is the remainder when 957 is divided by 80?
77
What is the remainder when 21 is divided by 17?
4
Calculate the remainder when 755 is divided by 251.
2
What is the remainder when 52 is divided by 6?
4
Calculate the remainder when 1137 is divided by 30.
27
What is the remainder when 336 is divided by 119?
98
Calculate the remainder when 246 is divided by 85.
76
What is the remainder when 1012 is divided by 240?
52
Calculate the remainder when 38 is divided by 17.
4
What is the remainder when 771 is divided by 261?
249
What is the remainder when 35552 is divided by 58?
56
Calculate the remainder when 101 is divided by 35.
31
Calculate the remainder when 113 is divided by 34.
11
Calculate the remainder when 355 is divided by 17.
15
Calculate the remainder when 1515 is divided by 150.
15
What is the remainder when 729 is divided by 5?
4
What is the remainder when 1153 is divided by 149?
110
What is the remainder when 264 is divided by 53?
52
Calculate the remainder when 127 is divided by 26.
23
What is the remainder when 15897 is divided by 106?
103
What is the remainder when 764 is divided by 339?
86
Calculate the remainder when 324 is divided by 296.
28
Calculate the remainder when 913 is divided by 36.
13
Calculate the remainder when 55 is divided by 28.
27
Calculate the remainder when 974 is divided by 16.
14
What is the remainder when 61 is divided by 6?
1
What is the remainder when 3996 is divided by 53?
21
What is the remainder when 2116 is divided by 85?
76
What is the remainder when 156 is divided by 148?
8
What is the remainder when 142 is divided by 117?
25
What is the remainder when 242 is divided by 90?
62
What is the remainder when 340 is divided by 52?
28
What is the remainder when 662 is divided by 17?
16
Calculate the remainder when 1093 is divided by 93.
70
Calculate the remainder when 79 is divided by 40.
39
Calculate the remainder when 934 is divided by 55.
54
Calculate the remainder when 37 is divided by 7.
2
What is the remainder when 1590 is divided by 27?
24
Calculate the remainder when 17257 is divided by 11.
9
Calculate the remainder when 1014 is divided by 127.
125
Calculate the remainder when 563 is divided by 336.
227
Calculate the remainder when 97 is divided by 17.
12
What is the remainder when 42 is divided by 26?
16
Calculate the remainder when 2238 is divided by 160.
158
Calculate the remainder when 3567 is divided by 1185.
12
What is the remainder when 1138 is divided by 76?
74
Calculate the remainder when 8533 is divided by 22.
19
What is the remainder when 893 is divided by 25?
18